 - 12. Let p(w) = -13*w. Let c(n) = n**2 - 6*n + 7. Let q be c(5). Let i(l) = q*b(l) - 3*p(l). Calculate i(2).
20
Let a(z) = -2*z**3 - 26*z**2 + 22*z + 2. Let r(d) = -d**3 - 14*d**2 + 12*d. Let c(o) = -4*a(o) + 7*r(o). Let y = -46 - -40. Give c(y).
16
Let k(n) = 15 - 15 + 18*n - 24 - 35 + 11*n**2 + n**3 + 9. What is k(-8)?
-2
Let j(b) be the first derivative of -5/3*b**3 + 0*b**2 + 36 - b - 1/4*b**4. Calculate j(-5).
-1
Let s(n) = n**3 + 7*n**2 + 10*n + 4. Let c(o) = 2*o**3 + 13*o**2 + 21*o + 6. Suppose 3*k - 6 = 9. Let l(b) = k*s(b) - 2*c(b). Determine l(-8).
8
Let x(i) be the first derivative of -i**4/4 + 11*i**3/3 - 21*i + 4716. Give x(11).
-21
Let q(x) = 2*x**2 + 15. Let k be q(0). Suppose k = -3*y + 6. Let t(p) = p**3 + 5*p**2 + 5*p + 2. Give t(y).
5
Suppose 16*w - 3128 = -w. Let d = 188 - w. Let p(h) = h**3 - 5*h**2 + 7*h - 4. Calculate p(d).
8
Let i(y) be the first derivative of -7*y**3/6 + y**2/2 - 127*y - 50. Let o(t) be the first derivative of i(t). Give o(3).
-20
Let l(z) = -9*z + 81. Let d be l(9). Let k(j) = d*j - 216 + 217 + 3*j + 3*j. Calculate k(-2).
-11
Suppose 5*k + 103 = 3*g - 46, 0 = -3*k - 3. Let s = g + -52. Let y(l) = -2*l - 5. What is y(s)?
3
Let a(i) be the third derivative of -7*i**4/8 + 109*i**3/6 + i**2 + 2*i + 6. Determine a(6).
-17
Let v(t) be the third derivative of -t**4/24 + t**3/3 - 18*t**2 - t. Let s(j) = 5*j**2 - 7*j + 11. Let f(m) = -s(m) + 5*v(m). Determine f(1).
-4
Let g(o) = -o. Let m(l) = l + 4. Let v(p) = -2*g(p) - 3*m(p). Give v(-21).
9
Suppose -1170 + 3489 = -70*n + 1619. Let m(l) = -2*l - 19. Let k(j) = -j - 9. Let i(q) = -5*k(q) + 3*m(q). What is i(n)?
-2
Let q(o) = 3*o**2 + 2*o - 5. Let b(r) = r**3 - 10*r**2 + r - 14. Suppose -2*n + 2*a + 12 = 0, 10*n = 9*n + 3*a - 2. Let z be b(n). Calculate q(z).
35
Let z(q) = q**3 - 16*q**2 + 4*q - 49. Let v be -2 - (-2 + 3)*6*1 - -24. Calculate z(v).
15
Let o(w) = w**3 + 0*w**2 - 2*w**3 - 7*w**2 - 6453*w + 6450*w. Let z = -7 - -3. Determine o(z).
-36
Let f(u) = 8*u**3 + 3*u**2 + 5*u + 1. Let j be (-246)/(-123)*(-1)/2*(-2)/(-2). Calculate f(j).
-9
Let x(v) = 7*v - 3. Let a = 6157 + -6150. What is x(a)?
46
Let v(b) = 1277*b**2 - 4*b - 11 - 1 - 1276*b**2 + 2 + 4. Give v(4).
-6
Let o(w) be the second derivative of w**4/4 + 2*w**3/3 + 3*w**2/2 + 3*w - 221. Let y be (15/(-5) - -4) + -4. What is o(y)?
18
Let z(x) = -x**3 + 6*x**2 - 3*x + 7. Let k(y) = -y**3 + 5*y**2 + 2*y + 5. Let w = 21 + -17. Let d be k(w). Suppose -d*t = -25*t - 24. Give z(t).
-11
Let b(w) be the second derivative of -w**4/6 + 2*w**3/3 - 9*w**2/2 + 1167*w. Determine b(3).
-15
Let k(p) = p**3 + 9*p**2 - 11*p - 20. Let y be k(-10). Let j be (-18 - y) + (2 - 1). Let w(t) = t**2 + 5*t + 8. Give w(j).
22
Let g(p) = -34*p + 203. Suppose -2*n + 5*k = 90 - 117, 2*n = -4*k. Give g(n).
-1
Let d(k) be the third derivative of 2/3*k**3 - 4*k**2 + 1/24*k**4 + 1/15*k**5 - 12*k + 0 + 1/60*k**6. Give d(-3).
-17
Let h be (-24)/(-14) + 4/14. Let n(b) = -h*b + b**2 - 9*b + b + 10. Let c = 68449 + -68441. What is n(c)?
-6
Suppose -3*d = 3*i, 43*d - 5*i + 42 = 41*d. Let m(f) = 3*f + 10. What is m(d)?
-8
Let j(s) be the first derivative of 2*s**3/3 - s**2 - 2*s - 4. Let g(y) = 2*y**2 + 5*y. Let b be -2 + (-12)/4 + 2. Let a be g(b). Calculate j(a).
10
Suppose 4*t - 14 + 2 = -4*y, 5*y = -4*t + 17. Let g be (-22)/t*-1 + 3. Let v(l) = -l - 11. Determine v(g).
-3
Let w(j) = -j**3 - 4 - 4 + 8*j**2 + 12*j + 2*j**2 + 1. Suppose 3*x + 3*p = 12, 0 = x + 5*p - 41 + 65. What is w(x)?
4
Let q(k) = -k**2 + 4. Let d(g) = -3*g - 8. Let a(h) = 5*h + 22. Let n be a(-5). Let u be d(n). Let x be u/(-2)*-6*-1. Calculate q(x).
-5
Let h(k) be the third derivative of 43*k**9/60480 - k**6/720 + 61*k**5/20 + 62*k**2. Let x(i) be the third derivative of h(i). Determine x(1).
42
Let q(t) = -t**3 - 2*t**2 - 13*t + 32. Suppose 41*u + 3256 = 3338. What is q(u)?
-10
Let x(v) be the third derivative of 1/6*v**3 + 0*v - 1/10*v**5 + 0 + 1/120*v**6 + 5/24*v**4 - 209*v**2. Calculate x(5).
1
Let l(f) = -f**3 + 30*f**2 - 23*f - 167. Suppose 0 = 270*u - 287*u + 493. Calculate l(u).
7
Let y(m) = -m**2 + 52*m - 55. Let f be 124/(-93)*306/(-8). Give y(f).
-4
Let d(y) = 3*y**2 - 3*y. Let f(i) = i**3 + 2*i**2 + 3*i + 71. Let m(n) = -3*d(n) - f(n). Give m(-12).
1
Let q = 4550 + -4547. Let z(a) be the second derivative of 6*a - 7/12*a**4 - 1/20*a**5 + 5/2*a**2 + 0 - 2/3*a**q. Calculate z(-6).
-7
Let x(b) = 4*b - 2. Let o = -19524 - -19538. What is x(o)?
54
Let m(g) = g**2 + 11*g + 13. Let o = 499 - 505. Give m(o).
-17
Let f(o) = -21*o + 3*o + 14752*o**2 + o**3 + 14 - 14733*o**2. Determine f(-20).
-26
Let c(d) = -d**2 - 17*d - 72. Let p(y) = -116*y + 2311. Let v be p(20). What is c(v)?
0
Let l(x) = -x**2 + 5*x - 14. Let s(k) = -k**2 + 99*k + 5. Let z be s(0). What is l(z)?
-14
Suppose -8*p + 7444 + 80636 = 0. Let f(d) = -5506*d + 1 + p*d - 5504*d - d**2. Calculate f(4).
-15
Let k(c) = 41. Let a(n) = -n - 106. Let v(f) = -3*a(f) - 8*k(f). Suppose 4*q = 5*m - 36, 13 = -m - 5*q - 3. Give v(m).
2
Let p(l) be the first derivative of l**5/20 + l**4/6 - l**2/2 - 36*l - 46. Let q(x) be the first derivative of p(x). Determine q(-1).
0
Let g(s) = -s**2 - 6*s - 4. Let d be g(-6). Let p be (3 + d)/(2/14). Let l(q) = -14*q + 10. Let w(c) = -4*c. Let u(m) = l(m) - 4*w(m). What is u(p)?
-4
Let j(a) = 17*a + 286. Let u(m) = 2*m**3 + 7*m**2 + 5*m + 19. Let d be u(-4). Determine j(d).
-3
Let l(j) = -4*j + 23. Let n(k) = k**3 - 10*k**2 + 31*k - 69. Let d be n(7). Give l(d).
19
Let z(c) be the first derivative of -3*c**2/2 - 31*c + 6034. Determine z(8).
-55
Let b(s) = s**2 + 10*s - 17. Let d be b(-11). Let k be (-8*(-18)/48)/(d/4). Let f be 0/(-2) - -4 - k. Let q(j) = j**2 - 9*j + 9. What is q(f)?
-9
Let f(z) = z**3 - 16*z**2 + 4*z - 41. Let x be f(16). Let k(g) = -6 + 19*g + g**2 + 5*g - x*g. Let c(d) = -d**2 + 2*d - 1. Let n be c(1). What is k(n)?
-6
Let k(g) = g**2 - 8*g - 30. Let l be k(11). Let f(q) = -8 - q**3 + l + 3*q**2 + 0 - 3*q + 6. Determine f(2).
-1
Let r(g) = -g**2 + 4*g + 103. Let b(o) = -2*o**2 + 6*o + 206. Let q(s) = -4*b(s) + 7*r(s). Give q(-12).
-7
Let l = -179 - -184. Let x(t) = -2*t**2 + t. Let b(g) = 5*g**2 + 7. Let u(o) = b(o) + 3*x(o). Determine u(l).
-3
Suppose -4*u = -2*m - 6 + 28, -4*u = 5*m - 111. Let j = m - 4. Let x = j - 20. Let v(a) = a**2 + 3*a - 7. Give v(x).
3
Let t(q) be the third derivative of 3/2*q**3 + 47*q**2 - 7/60*q**5 + 7/24*q**4 - 1/120*q**6 + 0 + 0*q. What is t(-8)?
17
Let h(o) be the third derivative of -o**7/5040 - o**6/360 + 8*o**5/5 + o**3/3 - 2*o**2 + 21. Let c(t) be the third derivative of h(t). Determine c(7).
-9
Let z be (1 - (-102)/8)*(-36)/(-45). Let u(h) = h - 27. Determine u(z).
-16
Let v(g) = 3*g**2 - 114*g + 115. Let x be v(37). Let z(l) be the third derivative of -1/2*l**3 - 1/60*l**5 - 14*l**2 + 0 + 0*l**x + 0*l. What is z(0)?
-3
Let c(l) = -l**3 + 16*l**2 + 37*l - 13. Let u = -727 + 745. What is c(u)?
5
Let z(c) be the second derivative of c**5/20 + 2*c**4/3 + c**3/2 + 21*c**2 + 239*c + 2. Determine z(-8).
18
Let y(o) = -8*o**2 - 9*o - 5. Let k be 26/8 - 1/(1 + 3). Suppose -4*z - 21 = k*z. Let v(d) = -4*d**2 - 5*d - 3. Let p(t) = z*y(t) + 5*v(t). Give p(-2).
12
Let n(x) = -3*x**2 + 1. Let l(v) = v**2 + 18*v + 76. Let u = -163 + 156. Let m be l(u). Determine n(m).
-2
Let x(z) be the second derivative of z**6/120 - z**5/5 + 7*z**4/12 + 7*z**3/6 - 273*z**2/2 + 261*z. Let y(k) be the first derivative of x(k). Determine y(11).
40
Suppose -25*h + 18*h + 252 = 0. Let i(t) = -3*t + 114. Let w be i(h). Let k(p) = p + 6. What is k(w)?
12
Suppose -5*x = -3*c + 71, -2*c + 3*c + 5*x - 37 = 0. Suppose b - 3 + c = 5*o, -7 = -2*o + 3*b. Suppose -55 = 10*f - o*f. Let i(k) = k + 8. Determine i(f).
-3
Let y be 3 - (636/(-48))/(2/248). Let k(h) = -1654*h**2 + 0*h - h**3 + y*h**2 - 10*h - 2 - 3. Calculate k(-7).
16
Let d(g) = -g**3 - 8*g**2 - 2*g - 2. Let o be d(-8). Let k(q) be the first derivative of q**4/4 - 14*q**3/3 - q**2/2 + 11*q - 7. Calculate k(o).
-3
Let u(d) = 2*d + 10. Let b be u(-8). Let p(a) = 7*a**2 + 0 - 2*a**2 + a**3 + 0 + 1525*a - 1532*a. What is p(b)?
6
Let b(g) be the second derivative of 19*g + 0 - 3*g**2 + 1/6*g**3. Let j(x) = 9*x**2 - 1. Let n be j(1). What is b(n)?
2
Let a = -4556 - -4549. Let q(c) = -2*c**2 - 14*c - 